rime factors of 56.
2, 7
List the prime factors of 12893.
12893
List the prime factors of 6242.
2, 3121
What are the prime factors of 1184?
2, 37
What are the prime factors of 13315?
5, 2663
What are the prime factors of 11330?
2, 5, 11, 103
What are the prime factors of 1247?
29, 43
What are the prime factors of 1207?
17, 71
What are the prime factors of 36183?
3, 7, 1723
What are the prime factors of 5235?
3, 5, 349
List the prime factors of 854.
2, 7, 61
What are the prime factors of 34383?
3, 73, 157
What are the prime factors of 124123?
124123
What are the prime factors of 113321?
13, 23, 379
List the prime factors of 25848.
2, 3, 359
What are the prime factors of 623?
7, 89
List the prime factors of 7773.
3, 2591
List the prime factors of 52197.
3, 127, 137
List the prime factors of 45984.
2, 3, 479
List the prime factors of 1220.
2, 5, 61
List the prime factors of 55461.
3, 7, 19, 139
What are the prime factors of 2424?
2, 3, 101
List the prime factors of 4731.
3, 19, 83
List the prime factors of 7606.
2, 3803
List the prime factors of 26255.
5, 59, 89
What are the prime factors of 5919?
3, 1973
What are the prime factors of 26?
2, 13
What are the prime factors of 6156?
2, 3, 19
List the prime factors of 140647.
13, 31, 349
What are the prime factors of 1480?
2, 5, 37
List the prime factors of 1183.
7, 13
What are the prime factors of 1822?
2, 911
List the prime factors of 3569.
43, 83
What are the prime factors of 25875?
3, 5, 23
What are the prime factors of 1764?
2, 3, 7
What are the prime factors of 3950?
2, 5, 79
What are the prime factors of 120?
2, 3, 5
List the prime factors of 111320.
2, 5, 11, 23
List the prime factors of 52519.
29, 1811
What are the prime factors of 20885?
5, 4177
What are the prime factors of 16071?
3, 11, 487
What are the prime factors of 31749?
3, 19, 557
What are the prime factors of 11227?
103, 109
List the prime factors of 15435.
3, 5, 7
List the prime factors of 3580.
2, 5, 179
What are the prime factors of 1143?
3, 127
What are the prime factors of 26943?
3, 7, 1283
List the prime factors of 14496.
2, 3, 151
List the prime factors of 60607.
60607
List the prime factors of 3093.
3, 1031
What are the prime factors of 215?
5, 43
List the prime factors of 2871.
3, 11, 29
What are the prime factors of 6996?
2, 3, 11, 53
What are the prime factors of 1184?
2, 37
What are the prime factors of 30023?
7, 4289
What are the prime factors of 21937?
21937
What are the prime factors of 21362?
2, 11, 971
What are the prime factors of 6992?
2, 19, 23
What are the prime factors of 6636?
2, 3, 7, 79
What are the prime factors of 503?
503
List the prime factors of 2376.
2, 3, 11
What are the prime factors of 997?
997
What are the prime factors of 779?
19, 41
List the prime factors of 2997.
3, 37
List the prime factors of 962.
2, 13, 37
What are the prime factors of 5241?
3, 1747
What are the prime factors of 2660?
2, 5, 7, 19
What are the prime factors of 767?
13, 59
List the prime factors of 2472.
2, 3, 103
List the prime factors of 2287.
2287
What are the prime factors of 19330?
2, 5, 1933
What are the prime factors of 32214?
2, 3, 7, 13, 59
What are the prime factors of 6184?
2, 773
What are the prime factors of 2528?
2, 79
What are the prime factors of 5436?
2, 3, 151
What are the prime factors of 3809?
13, 293
What are the prime factors of 1339?
13, 103
What are the prime factors of 25041?
3, 17, 491
What are the prime factors of 87764?
2, 37, 593
List the prime factors of 103513.
17, 6089
What are the prime factors of 5797?
11, 17, 31
List the prime factors of 5071.
11, 461
List the prime factors of 542.
2, 271
List the prime factors of 130783.
130783
List the prime factors of 1406.
2, 19, 37
List the prime factors of 216.
2, 3
What are the prime factors of 1056?
2, 3, 11
List the prime factors of 19744.
2, 617
List the prime factors of 676.
2, 13
List the prime factors of 1606.
2, 11, 73
List the prime factors of 9992.
2, 1249
What are the prime factors of 60384?
2, 3, 17, 37
List the prime factors of 1261.
13, 97
What are the prime factors of 2058?
2, 3, 7
List the prime factors of 3453.
3, 1151
List the prime factors of 71.
71
List the prime factors of 5794.
2, 2897
What are the prime factors of 3142?
2, 1571
List the prime factors of 31703.
7, 647
What are the prime factors of 14319?
3, 37, 43
List the prime factors of 8912.
2, 557
What are the prime factors of 3938?
2, 11, 179
What are the prime factors of 72424?
2, 11, 823
What are the prime factors of 448?
2, 7
What are the prime factors of 1482?
2, 3, 13, 19
What are the prime factors of 4034?
2, 2017
What are the prime factors of 6744?
2, 3, 281
List the prime factors of 1329.
3, 443
List the prime factors of 5654.
2, 11, 257
List the prime factors of 6377.
7, 911
List the prime factors of 12262.
2, 6131
What are the prime factors of 35?
5, 7
What are the prime factors of 4882?
2, 2441
What are the prime factors of 33029?
33029
What are the prime factors of 6262?
2, 31, 101
List the prime factors of 2054.
2, 13, 79
What are the prime factors of 23144?
2, 11, 263
What are the prime factors of 105858?
2, 3, 5881
List the prime factors of 58213.
23, 2531
What are the prime factors of 41645?
5, 8329
What are the prime factors of 14603?
17, 859
What are the prime factors of 2376?
2, 3, 11
List the prime factors of 1172.
2, 293
What are the prime factors of 6781?
6781
What are the prime factors of 18621?
3, 2069
List the prime factors of 77411.
199, 389
What are the prime factors of 15194?
2, 71, 107
List the prime factors of 105365.
5, 13, 1621
List the prime factors of 326.
2, 163
What are the prime factors of 557?
557
What are the prime factors of 20454?
2, 3, 7, 487
List the prime factors of 18172.
2, 7, 11, 59
List the prime factors of 1051.
1051
List the prime factors of 5717.
5717
List the prime factors of 448.
2, 7
What are the prime factors of 13?
13
List the prime factors of 1619.
1619
List the prime factors of 79.
79
What are the prime factors of 25732?
2, 7, 919
What are the prime factors of 19950?
2, 3, 5, 7, 19
List the prime factors of 2230.
2, 5, 223
List the prime factors of 672.
2, 3, 7
List the prime factors of 7718.
2, 17, 227
What are the prime factors of 2363?
17, 139
What are the prime factors of 280?
2, 5, 7
List the prime factors of 37170.
2, 3, 5, 7, 59
What are the prime factors of 4358?
2, 2179
What are the prime factors of 3294?
2, 3, 61
What are the prime factors of 1356?
2, 3, 113
List the prime factors of 25382.
2, 7, 37
What are the prime factors of 2281?
2281
List the prime factors of 1719.
3, 191
What are the prime factors of 836?
2, 11, 19
List the prime factors of 1012.
2, 11, 23
List the prime factors of 2130.
2, 3, 5, 71
List the prime factors of 169618.
2, 84809
What are the prime factors of 2734?
2, 1367
What are the prime factors of 2645?
5, 23
List the prime factors of 165333.
3, 7, 7873
List the prime factors of 158.
2, 79
List the prime factors of 1864.
2, 233
List the prime factors of 47127.
3, 23, 683
What are the prime factors of 55880?
2, 5, 11, 127
List the prime factors of 287.
7, 41
List the prime factors of 2951.
13, 227
What are the prime factors of 147329?
7, 13, 1619
What are the prime factors of 5287?
17, 311
List the prime factors of 18202.
2, 19, 479
List the prime factors of 10256.
2, 641
What are the prime factors of 10541?
83, 127
List the prime factors of 92.
2, 23
List the prime factors of 855.
3, 5, 19
List the prime factors of 2639.
7, 13, 29
What are the prime factors of 528?
2, 3, 11
List the prime factors of 76122.
2, 3, 4229
List the prime factors of 2115.
3, 5, 47
List the prime factors of 1123.
1123
List the prime factors of 135150.
2, 3, 5, 17, 53
List the prime factors of 180805.
5, 36161
List the prime factors of 3253.
3253
What are the prime factors of 686?
2, 7
What are the prime factors of 136913?
7, 19559
List the prime factors of 946.
2, 11, 43
What are the prime factors of 507?
3, 13
List the prime factors of 7338.
2, 3, 1223
What are the prime factors of 66?
2, 3, 11
List the prime factors of 910.
2, 5, 7, 13
List the prime factors of 10343.
10343
List the prime factors of 2345.
5, 7, 67
What are the prime factors of 72998?
2, 17, 19, 113
List the prime factors of 6863.
6863
